 = -6*h - 86. List the prime factors of h*((-4)/4)/((-4)/(-8)).
2, 31
Let h(d) = -d**2 - 10. Let a be h(6). Let o = 50 + a. Suppose o*g - 513 = 43. What are the prime factors of g?
139
Suppose 767659 - 105604 = 15*f. What are the prime factors of f?
19, 23, 101
Let f = 291 - 313. What are the prime factors of 4*7/(-4)*f?
2, 7, 11
Let a = -9 - -13. Suppose 0 = -a*y + 6 + 10. Suppose 0 = y*i - 210 - 42. List the prime factors of i.
3, 7
Let q(d) be the third derivative of d**5/20 - d**4/8 + 8*d**3/3 - 7*d**2. Suppose 5*y - 22 = -2. List the prime factors of q(y).
2, 13
List the prime factors of 2*1981 + (-15)/(11/((-88)/20)).
2, 31
Let m be -3*(-16)/(-24)*-2. List the prime factors of ((-3825)/27*-6)/(m + -2).
5, 17
Suppose -37*l + 37 = -0. Let y(c) = 1513*c + 8. What are the prime factors of y(l)?
3, 13
Suppose 12*d - 4*q = 7*d + 152, -5*d + 134 = 2*q. Let a = 290 + d. List the prime factors of a.
2, 3, 53
Let t = -1 + 1. Let z be -3*-5*1/(-5). What are the prime factors of t*z/(-6) + (44 - 0)?
2, 11
Suppose 23*t - 27 = 42. List the prime factors of t + ((-11)/(-2))/(8/96).
3, 23
Suppose 5*m + 448 - 488 = -5*f, -f + 5*m = 22. Let x = -2 + 3. List the prime factors of ((44/(-12))/x)/(f/(-36)).
2, 11
Let n(h) = -h**3 + 93*h**2 + 56*h + 1330. What are the prime factors of n(78)?
2, 48479
Let m(g) be the first derivative of 867*g**4/4 - 5*g**3/3 - 185. What are the prime factors of m(1)?
2, 431
Suppose 18*z - 262 = 548. What are the prime factors of (-260)/(-80)*(-1 + z)?
11, 13
Suppose -4*j + 3*a + 1683 = 0, -3*j + a + 1266 = -0*a. Suppose 0 = -4*o + j + 209. List the prime factors of o/2 - (7 + -6).
2, 3, 13
Let q(u) = -u**3 - 9*u**2 + 9*u + 5. Let r be q(-10). Suppose r = -3*i + 4*i. Suppose 12*v = i*v - 24. List the prime factors of v.
2
Let d = 10022 + -3121. What are the prime factors of d?
67, 103
Let s = -778 + 783. Suppose c + 4*r + 6740 = s*c, 2*c = r + 3365. List the prime factors of c.
2, 3, 5, 7
Suppose 3653904 = -45*s + 255*s + 1034154. What are the prime factors of s?
5, 499
Suppose 16978*j - 16953*j = 101325. What are the prime factors of j?
3, 7, 193
Let t = 96011 - 67721. List the prime factors of t.
2, 3, 5, 23, 41
Suppose 0*c - 2*c = p - 3, -2 = 2*c + 2*p. Suppose y = -4*y + c*n - 16, -3*n = -12. Let w = y - -138. List the prime factors of w.
2, 3, 23
Suppose -i - 9 = -21. Let x(r) = 16*r**2 - i*r**2 + 8 + 9*r**2. What are the prime factors of x(-3)?
5
Let j(x) be the third derivative of x**6/120 + 2*x**5/15 - x**3/6 - 46*x**2. Let r be j(-8). List the prime factors of 9 - -79 - 4*r.
2, 23
Suppose -81576 = -2*c - 2*b, 2*b - 40792 = 27*c - 28*c. What are the prime factors of c?
2, 2549
Suppose 7*n - 3*n - 152 = 0. Suppose 45*c + 67 = 112*c. Let u = c + n. What are the prime factors of u?
3, 13
Let h = -982 - -2051. Let l = h - 462. List the prime factors of l.
607
Let j be 264/77*917/2. Let y = j + -842. List the prime factors of y.
2, 5, 73
What are the prime factors of (7108/14)/(-2)*(13 + -20)?
1777
Let b = -43840 - -61772. What are the prime factors of b?
2, 4483
Let p = -422 - -425. List the prime factors of (18 - -209) + 9/p.
2, 5, 23
Let p = -731 - -397. Let y = p - -469. Suppose y = 2*g + 3*g. List the prime factors of g.
3
Let h = -1918 + 2259. List the prime factors of h.
11, 31
Suppose -d + 4 = 2. Let n = -296 - -530. Suppose -v + 2 = 0, -d*v = -2*s - v + n. List the prime factors of s.
2, 59
Suppose 3*p - 8 = 1. Let t be (0 - 4/(-3))*p. Suppose 379 = t*q + 27. What are the prime factors of q?
2, 11
Suppose -19*a + 13540 = -70043 - 9935. What are the prime factors of a?
2, 23, 107
Suppose -3*t = 12*p - 121713, 3*t + 27*p - 31*p - 121745 = 0. What are the prime factors of t?
7, 11, 17, 31
Suppose 0 = 18*a - 107*a + 2202750. What are the prime factors of a?
2, 3, 5, 11
Let v = -673 - -962. Suppose -v = -5*s - 9. What are the prime factors of s?
2, 7
Let l(o) = 22 - 6*o + 37*o**2 + 16*o**2 - 3*o + 16*o. What are the prime factors of l(-3)?
2, 239
Let f = -11254 + 20610. List the prime factors of f.
2, 2339
Let r = 36837 + -7316. List the prime factors of r.
53, 557
Suppose -2*h + 5*g = 3*g - 14, 2*h + 5*g = -7. Suppose -3*v = h*m - 167, -2*m = -2*v - 41 - 39. What are the prime factors of m?
41
Let l(k) = -24*k + 5. Suppose -r + 5 = 19. Let s = r - -10. What are the prime factors of l(s)?
101
Let p = 17255 + -7922. What are the prime factors of p?
3, 17, 61
Suppose -4*d + 52 = 4*z - 2*d, 5*z + d = 68. Let h be 6/(-30) + z/(-5) + -1. List the prime factors of (h/(-4))/(5/115).
23
Let k be (-37 - -28)*(3 - 40/12). Let x be 86 + (3 + -2 - -1). Suppose x = 4*q + p - 188, -k*q - p = -206. List the prime factors of q.
2, 5, 7
Let h be (-1 - 0)*(-3 - -1). Let k be ((-15)/42)/((-22)/231)*4. Suppose 0 = 5*z + 2*p - 16, 0 = 3*z - h*p - 1 - k. What are the prime factors of z?
2
Let c(k) = k**3 + 3*k**2 - 10*k - 8. Let z be c(7). Suppose -2*q - z = -4*q + 5*w, 4*q = w + 860. What are the prime factors of q?
2, 3
Let r = -10822 - -16088. What are the prime factors of r?
2, 2633
Suppose 10*t = 9*t + 6. Let h be 7 + -7 + (t - 2). Suppose -g = 5*q + h*g - 725, -4*g - 130 = -q. List the prime factors of q.
2, 71
Suppose -46*l = 8*l - 13*l - 2930270. What are the prime factors of l?
2, 5, 7, 1021
Let j(m) = -2*m + 19. Let v be j(8). Suppose 0 = f - 5*b + 19, -3*f - 5*b = v + 94. Let z = 40 + f. List the prime factors of z.
11
List the prime factors of (-4)/(-34) + ((428940/204)/3 - 6).
5, 139
Suppose 5*v = 5*z + 330, 3*z - z + 272 = 4*v. Suppose -5*b = 2*b - v. Suppose -b*m - 143 = -11*m. List the prime factors of m.
11, 13
Let m(l) = 2*l**3 + l**2 - 9*l - 6. Let k be m(-2). Suppose 112*v - 93*v - 8018 = k. What are the prime factors of v?
2, 211
Suppose -99*o + 94*o - 10 = 0, -5*o = -n + 4652. List the prime factors of n.
2, 11, 211
Let w(t) = -15*t + 26. Let b be w(-6). Suppose -b - 22 = -3*l. Let a = l - 41. List the prime factors of a.
5
List the prime factors of 2/(-2) - (-10 + 9 - 7440).
2, 3, 5, 31
Suppose 3*b - 16 + 25 = 0. Let f be (6 - b)/((-21)/(-224)). Suppose 0 = -3*l + f + 495. List the prime factors of l.
197
Let r(z) = 21*z**3 + 4*z**2 - 6*z**3 - 3*z + 4 + 26*z**3 - z**2. List the prime factors of r(2).
2, 13
List the prime factors of (-2)/(-14) - 290326/(-238).
2, 5, 61
Suppose l - 32035 = 3*w, -4*l + 176678 = -4*w + 48546. List the prime factors of l.
2, 7, 11, 13
Let x be (-1 + 45)/1 + 1. Suppose -x = -11*p + 20*p. Let l(t) = -2*t + 41. List the prime factors of l(p).
3, 17
Suppose 0 = -1354*x + 1359*x + 2*j - 10971, 3*x - 5*j = 6564. What are the prime factors of x?
3, 17, 43
Suppose 0 = 21*j + 103 + 149. Let z(q) = -44*q + 96. List the prime factors of z(j).
2, 3, 13
Let j = 97 - 116. Let f(n) = -37*n + 59. What are the prime factors of f(j)?
2, 3, 127
What are the prime factors of (1525/915)/((-10)/(-188718))?
71, 443
Suppose -4*z = -20, -g = -4*g + 2*z + 38624. What are the prime factors of g?
2, 47, 137
Let m be (-2)/24 - 6507/(-324). List the prime factors of -50*(7 - (m - 1)).
2, 3, 5
Suppose -5 = 11*i - 27. Suppose 2410 = 5*p + m, 5*p - 703 = i*m + 1707. List the prime factors of p.
2, 241
Let v(k) = 232*k - 5*k**2 + 6*k**2 - 19 + 26*k**2 - 210*k. Let c be v(9). List the prime factors of (2/4)/(7/c).
13
Suppose 0 = 6*y - 14 - 4. List the prime factors of 1596/18*(0 + y).
2, 7, 19
Suppose -t - 8*t - 459 = 0. Let i = t - -55. Suppose -i*y = 4*u - 72, -u - 2*y + 42 = -7*y. List the prime factors of u.
2, 11
Let c = -237 - -423. Suppose -c*s + 2800 = -179*s. List the prime factors of s.
2, 5
Let l = 273 - 270. Suppose 2*b + 0 = -2*s + 12, l*s - 22 = -2*b. What are the prime factors of s?
2, 5
Let j(f) = -f**2 + 208*f + 78. List the prime factors of j(99).
3, 3623
List the prime factors of (-4852)/((-163)/326 + 2/6*0).
2, 1213
Let t be 1/(-5) - 80/(-25). Suppose t*h = 9*h - 1296. What are the prime factors of h?
2, 3
Suppose -7*i = 2*i. Suppose i = -q + 19 - 7. Suppose 2*z - 16 + q = 0. What are the prime factors of z?
2
Let r(h) = 2*h**2 - 15*h + 18. Let q be r(6). Suppose 0*d - 334 = -i + 4*d, q = -5*i - 2*d + 1582. What are the prime factors of i?
2, 3, 53
Let k(v) = v**3 + 17*v**2 - 104*v - 22. Let r(n) = -n**3 - 6*n**2 + 2*n + 1. Let j be r(-2). List the prime factors of k(j).
2, 7, 11
Suppose -2*d - 12 = 0,